71
What is the greatest common factor of 475434 and 5011542?
7794
Calculate the highest common divisor of 245 and 1302595.
35
What is the greatest common factor of 177024 and 9148084?
1844
What is the greatest common factor of 4414277 and 179333?
959
Calculate the greatest common factor of 3378221993 and 4933.
4933
Calculate the greatest common divisor of 8 and 50075.
1
What is the highest common factor of 751492258 and 44?
22
Calculate the highest common factor of 265498 and 166.
2
Calculate the highest common factor of 9405 and 240911.
11
What is the greatest common divisor of 218563 and 44164?
61
Calculate the greatest common factor of 17160 and 81704480.
5720
What is the highest common divisor of 16219905 and 8?
1
Calculate the highest common divisor of 8525874 and 204.
102
Calculate the greatest common divisor of 21697830 and 80073.
1953
What is the greatest common factor of 1331569 and 1068293?
5063
What is the greatest common factor of 67847999 and 23?
23
What is the greatest common divisor of 5497 and 6352859?
239
Calculate the greatest common divisor of 90171210 and 245160.
6810
What is the highest common divisor of 119872381 and 26474?
1891
What is the highest common divisor of 9614491 and 2?
1
What is the greatest common divisor of 823852351 and 1631?
1631
What is the highest common factor of 25149 and 3692661?
303
What is the highest common divisor of 8512 and 332080?
112
Calculate the greatest common divisor of 96662550 and 15.
15
Calculate the highest common divisor of 3796393 and 38361.
673
Calculate the highest common factor of 130314371 and 4345.
869
Calculate the highest common divisor of 25195474 and 14234.
1294
What is the greatest common factor of 102025 and 125078569?
4081
What is the greatest common divisor of 365 and 41096080?
365
What is the greatest common factor of 16 and 181112528?
16
What is the highest common factor of 4840 and 265520?
40
What is the highest common divisor of 204712 and 920?
8
What is the highest common factor of 129879369 and 162?
81
Calculate the highest common divisor of 2228652 and 6996.
12
What is the highest common factor of 4 and 23801012?
4
What is the greatest common factor of 1847 and 113293133?
1847
Calculate the highest common divisor of 27 and 19443549.
3
What is the greatest common factor of 62675 and 332089755?
12535
What is the highest common divisor of 638 and 7713101?
319
What is the highest common divisor of 82466748 and 208?
52
What is the highest common factor of 136 and 24738808?
136
Calculate the highest common divisor of 3829 and 18719981.
3829
Calculate the highest common factor of 3804162 and 9048.
174
Calculate the greatest common factor of 402475199 and 1141.
1141
What is the greatest common divisor of 37104 and 437760?
48
Calculate the highest common divisor of 13748227 and 1633.
1633
Calculate the highest common factor of 9414172 and 2896.
724
What is the highest common divisor of 7383987 and 35451?
351
What is the greatest common factor of 67459 and 2470843?
419
Calculate the highest common factor of 1090 and 7257490.
10
Calculate the greatest common factor of 1050 and 37350075.
525
What is the highest common factor of 102663858 and 2346?
138
What is the greatest common factor of 86800 and 434800?
400
What is the highest common factor of 449396730 and 2780?
1390
Calculate the greatest common factor of 8653091 and 82.
41
What is the highest common divisor of 55 and 253419485?
55
Calculate the highest common factor of 8033 and 736543.
277
What is the greatest common factor of 7602245 and 350?
35
Calculate the greatest common divisor of 15000 and 67380.
60
What is the greatest common divisor of 37170 and 4718?
14
Calculate the highest common factor of 710008 and 936.
104
What is the greatest common divisor of 363913398 and 162?
162
What is the greatest common divisor of 5764 and 97372?
44
Calculate the highest common divisor of 475 and 2380150.
25
What is the greatest common divisor of 361236512 and 25688?
1976
Calculate the greatest common divisor of 291148 and 187044.
572
What is the highest common divisor of 8115 and 10695?
15
What is the highest common factor of 4563 and 191980620?
1521
Calculate the greatest common divisor of 111504 and 1224.
24
What is the highest common divisor of 25261928 and 1256?
1256
Calculate the greatest common factor of 3914 and 192166.
38
What is the greatest common factor of 234302 and 86194?
1214
Calculate the highest common factor of 1396 and 623540.
4
What is the greatest common divisor of 3140 and 156215?
785
What is the greatest common factor of 18785 and 25248485?
1445
What is the highest common divisor of 50 and 103360635?
5
What is the highest common divisor of 373578 and 752666?
1102
Calculate the greatest common divisor of 248 and 4647334.
62
Calculate the greatest common factor of 33 and 1237247.
11
What is the greatest common divisor of 81750 and 7536750?
750
Calculate the highest common divisor of 1662 and 54031620.
1662
Calculate the greatest common factor of 254077 and 74948.
41
What is the greatest common divisor of 298121229 and 9?
9
What is the greatest common divisor of 45 and 98940985?
5
Calculate the greatest common factor of 10 and 6869690.
10
Calculate the highest common divisor of 2638752 and 552.
24
What is the highest common factor of 27241725 and 252?
21
What is the greatest common divisor of 586277955 and 45?
45
Calculate the highest common factor of 21410193 and 63.
21
What is the highest common divisor of 27558109 and 41?
41
Calculate the greatest common divisor of 2233 and 32391289.
203
What is the highest common divisor of 16208676 and 1830?
366
Calculate the highest common divisor of 218160 and 21780.
180
What is the greatest common divisor of 60 and 19818492?
12
What is the greatest common factor of 3283 and 21480669?
3283
Calculate the greatest common factor of 1392 and 49510337.
29
What is the greatest common divisor of 42190 and 335089856?
8438
What is the greatest common factor of 49422989 and 319?
319
What is the highest common factor of 245 and 11285533?
49
Calculate the greatest common divisor of 210320 and 6236944.
3824
What is the greatest common factor of 207 and 706170909?
69
Calculate the greatest common divisor of 205976 and 33640.
8
What is the highest common factor of 365619 and 134499?
321
What is the greatest common divisor of 5859 and 7166394?
837
What is the highest common divisor of 3041105 and 790?
395
Calculate the highest common divisor of 2907 and 214228629.
171
What is the highest common divisor of 218018 and 32026?
134
What is the highest common factor of 2944357 and 681811?
3809
Calculate the greatest common factor of 51 and 513483.
3
What is the highest common divisor of 1574 and 47327819?
787
What is the highest common factor of 6 and 7588173?
3
What is the highest common divisor of 400650 and 469600?
50
Calculate the greatest common divisor of 35450964 and 90.
18
What is the greatest common factor of 10 and 11560325?
5
What is the highest common divisor of 459349 and 253?
11
What is the greatest common divisor of 9498956 and 26766?
2974
Calculate the greatest common divisor of 1022 and 8315503.
511
What is the highest common divisor of 13482 and 1779172353?
6741
Calculate the highest common factor of 155015759 and 232.
29
Calculate the highest common factor of 281 and 84611067.
281
Calculate the highest common factor of 3985856 and 139072.
2624
What is the highest common divisor of 1378 and 242307626?
106
Calculate the highest common divisor of 23 and 28279466.
23
What is the greatest common factor of 1075913 and 722?
19
What is the greatest common divisor of 57 and 426936840?
57
What is the greatest common divisor of 16830569 and 147?
49
What is the highest common divisor of 25948 and 1164585162?
12974
What is the highest common factor of 30814622 and 727?
727
Calculate the greatest common factor of 4209 and 3978747.
69
What is the greatest common divisor of 15174536 and 766168?
5512
Calculate the greatest common factor of 2 and 4289956.
2
Calculate the highest common divisor of 52479 and 128026269.
7497
Calculate the greatest common factor of 605 and 61940.
5
What is the highest common divisor of 121 and 409178561?
121
What is the greatest common factor of 2839751 and